divided by 34?
27
Calculate the remainder when 33908036 is divided by 2338.
22
Calculate the remainder when 7160171 is divided by 636.
83
Calculate the remainder when 2914723 is divided by 582665.
1398
Calculate the remainder when 158858 is divided by 83.
79
What is the remainder when 3276785 is divided by 551?
539
What is the remainder when 38675313 is divided by 6360?
153
Calculate the remainder when 6079325 is divided by 4441.
4037
What is the remainder when 21217 is divided by 9883?
1451
Calculate the remainder when 1348720 is divided by 129.
25
Calculate the remainder when 9433710 is divided by 524092.
54
What is the remainder when 1373726 is divided by 7295?
2266
What is the remainder when 213949 is divided by 2970?
109
What is the remainder when 9149552 is divided by 990?
962
What is the remainder when 1023917 is divided by 4433?
4327
What is the remainder when 1369157 is divided by 71?
64
Calculate the remainder when 705197 is divided by 247.
12
What is the remainder when 3871595 is divided by 138?
5
Calculate the remainder when 972677 is divided by 23158.
41
Calculate the remainder when 334275 is divided by 33420.
75
Calculate the remainder when 18161389 is divided by 3246.
19
What is the remainder when 670232748 is divided by 10?
8
What is the remainder when 678436 is divided by 14123?
532
What is the remainder when 5248220 is divided by 5217?
5135
Calculate the remainder when 2270269 is divided by 26398.
41
Calculate the remainder when 103741221 is divided by 24.
21
What is the remainder when 14104500 is divided by 185581?
344
Calculate the remainder when 39363 is divided by 3964.
3687
Calculate the remainder when 8363716 is divided by 665.
11
Calculate the remainder when 459031 is divided by 399.
181
What is the remainder when 14690156 is divided by 485?
476
Calculate the remainder when 859576 is divided by 293.
207
Calculate the remainder when 1469895 is divided by 1196.
11
Calculate the remainder when 24192854 is divided by 4838565.
29
What is the remainder when 41917737 is divided by 67?
58
What is the remainder when 2922492 is divided by 365311?
4
Calculate the remainder when 69144 is divided by 16572.
2856
What is the remainder when 78904 is divided by 243?
172
What is the remainder when 43651831 is divided by 157?
22
What is the remainder when 144178 is divided by 82?
22
Calculate the remainder when 2263022 is divided by 161642.
34
What is the remainder when 865071 is divided by 41?
12
What is the remainder when 1571818 is divided by 392949?
22
Calculate the remainder when 29244 is divided by 3734.
3106
Calculate the remainder when 1874608230 is divided by 28.
26
What is the remainder when 460573 is divided by 153519?
16
Calculate the remainder when 7840572 is divided by 1306762.
0
What is the remainder when 3068616 is divided by 1957?
40
What is the remainder when 67349 is divided by 33406?
537
What is the remainder when 4785 is divided by 495?
330
What is the remainder when 139916 is divided by 35?
21
Calculate the remainder when 1003580 is divided by 318.
290
What is the remainder when 207698 is divided by 1105?
1063
Calculate the remainder when 105623 is divided by 750.
623
What is the remainder when 1549287 is divided by 6222?
9
Calculate the remainder when 2028356 is divided by 506887.
808
Calculate the remainder when 5668714 is divided by 295.
289
Calculate the remainder when 7447 is divided by 473.
352
What is the remainder when 8360160 is divided by 467?
393
What is the remainder when 4422 is divided by 144?
102
Calculate the remainder when 191271601 is divided by 191271584.
17
Calculate the remainder when 24830785 is divided by 1655385.
10
Calculate the remainder when 815120 is divided by 271706.
2
What is the remainder when 2023657 is divided by 268?
257
What is the remainder when 26131094 is divided by 2953?
2950
What is the remainder when 1970443 is divided by 1706?
13
What is the remainder when 102425791 is divided by 43309?
6
What is the remainder when 49481943 is divided by 16493979?
6
Calculate the remainder when 6857756 is divided by 277.
67
Calculate the remainder when 2122629 is divided by 111717.
6
What is the remainder when 631046 is divided by 210346?
8
What is the remainder when 289147 is divided by 289052?
95
What is the remainder when 54244624 is divided by 54244604?
20
What is the remainder when 231901 is divided by 1854?
151
Calculate the remainder when 10526525 is divided by 11.
9
What is the remainder when 82734527 is divided by 41367260?
7
Calculate the remainder when 109617 is divided by 3231.
2994
What is the remainder when 1603586 is divided by 415?
26
Calculate the remainder when 186613 is divided by 46184.
1877
What is the remainder when 2509961 is divided by 418326?
5
What is the remainder when 3187144 is divided by 18006?
82
Calculate the remainder when 218078 is divided by 3914.
2808
What is the remainder when 70702092 is divided by 62?
20
Calculate the remainder when 27164519 is divided by 128.
103
What is the remainder when 31827900 is divided by 1334?
1328
Calculate the remainder when 288648 is divided by 749.
283
What is the remainder when 9317818 is divided by 582?
580
Calculate the remainder when 179294147 is divided by 274991.
15
Calculate the remainder when 11415897 is divided by 44.
9
What is the remainder when 466595241 is divided by 18?
15
Calculate the remainder when 840138 is divided by 30003.
54
What is the remainder when 516956 is divided by 46?
8
What is the remainder when 4150449 is divided by 126?
9
Calculate the remainder when 16729485 is divided by 1801.
1797
Calculate the remainder when 3862752 is divided by 8361.
8331
What is the remainder when 9495723 is divided by 276?
219
What is the remainder when 36109 is divided by 654?
139
What is the remainder when 21288 is divided by 1778?
1730
What is the remainder when 161653 is divided by 9675?
6853
What is the remainder when 2056969 is divided by 469?
404
Calculate the remainder when 29307 is divided by 4872.
75
What is the remainder when 337139 is divided by 3704?
75
What is the remainder when 557190 is divided by 1752?
54
What is the remainder when 6113 is divided by 4320?
1793
Calculate the remainder when 182850 is divided by 91345.
160
Calculate the remainder when 5231741 is divided by 2615838.
65
Calculate the remainder when 28251490 is divided by 648.
634
What is the remainder when 357119 is divided by 3105?
44
Calculate the remainder when 1862843737 is divided by 7.
6
What is the remainder when 19674 is divided by 6491?
201
Calculate the remainder when 2980315 is divided by 119212.
15
Calculate the remainder when 28702 is divided by 617.
320
Calculate the remainder when 399095 is divided by 6768.
6551
Calculate the remainder when 1114542 is divided by 4934.
4392
What is the remainder when 11629290 is divided by 11629270?
20
Calculate the remainder when 2293427 is divided by 1530.
1487
What is the remainder when 5769390 is divided by 16?
14
Calculate the remainder when 611244 is divided by 423.
9
What is the remainder when 56919351 is divided by 199?
177
Calculate the remainder when 364125 is divided by 91028.
13
Calculate the remainder when 4324706 is divided by 984.
26
What is the remainder when 876685 is divided by 218383?
3153
Calculate the remainder when 1813299 is divided by 906648.
3
What is the remainder when 14664979 is divided by 1003?
116
Calculate the remainder when 1302132 is divided by 19.
5
Calculate the remainder when 409487 is divided by 1037.
909
What is the remainder when 44953 is divided by 213?
10
What is the remainder when 411058 is divided by 20552?
18
Calculate the remainder when 19685654 is divided by 19685577.
77
Calculate the remainder when 3058663 is divided by 216.
103
What is the remainder when 51953061 is divided by 1732?
1721
Calculate the remainder when 32654106 is divided by 29.
19
What is the remainder when 3162163 is divided by 18?
13
What is the remainder when 37557106 is divided by 1?
0
Calculate the remainder when 7397165 is divided by 3.
2
What is the remainder when 360991 is divided by 16334?
1643
What is the remainder when 35261 is divided by 27?
26
Calculate the remainder when 60151 is divided by 962.
507
Calculate the remainder when 4560444 is divided by 353.
37
Cal